{"id":633,"date":"2024-04-03T14:17:09","date_gmt":"2024-04-03T18:17:09","guid":{"rendered":"https:\/\/sharkcleaningservices.com\/?page_id=633"},"modified":"2024-04-04T14:56:37","modified_gmt":"2024-04-04T18:56:37","slug":"elementor-633","status":"publish","type":"page","link":"https:\/\/sharkcleaningservices.com\/index.php\/elementor-633\/","title":{"rendered":"Blog"},"content":{"rendered":"\t\t<div data-elementor-type=\"wp-page\" data-elementor-id=\"633\" class=\"elementor elementor-633\">\n\t\t\t\t<div class=\"elementor-element elementor-element-112262bc e-con-full e-flex e-con e-parent\" data-id=\"112262bc\" data-element_type=\"container\">\n\t\t<div class=\"elementor-element elementor-element-d0fa15b e-con-full e-flex e-con e-child\" data-id=\"d0fa15b\" data-element_type=\"container\">\n\t\t<div class=\"elementor-element elementor-element-3813bb10 e-con-full e-flex e-con e-child\" data-id=\"3813bb10\" data-element_type=\"container\" data-settings=\"{&quot;shape_divider_bottom&quot;:&quot;waves&quot;,&quot;shape_divider_top&quot;:&quot;waves&quot;}\">\n\t\t\t\t<div class=\"elementor-shape elementor-shape-top\" aria-hidden=\"true\" data-negative=\"false\">\n\t\t\t<svg xmlns=\"http:\/\/www.w3.org\/2000\/svg\" viewBox=\"0 0 1000 100\" preserveAspectRatio=\"none\">\n\t<path class=\"elementor-shape-fill\" d=\"M421.9,6.5c22.6-2.5,51.5,0.4,75.5,5.3c23.6,4.9,70.9,23.5,100.5,35.7c75.8,32.2,133.7,44.5,192.6,49.7\n\tc23.6,2.1,48.7,3.5,103.4-2.5c54.7-6,106.2-25.6,106.2-25.6V0H0v30.3c0,0,72,32.6,158.4,30.5c39.2-0.7,92.8-6.7,134-22.4\n\tc21.2-8.1,52.2-18.2,79.7-24.2C399.3,7.9,411.6,7.5,421.9,6.5z\"\/>\n<\/svg>\t\t<\/div>\n\t\t\t\t<div class=\"elementor-shape elementor-shape-bottom\" aria-hidden=\"true\" data-negative=\"false\">\n\t\t\t<svg xmlns=\"http:\/\/www.w3.org\/2000\/svg\" viewBox=\"0 0 1000 100\" preserveAspectRatio=\"none\">\n\t<path class=\"elementor-shape-fill\" d=\"M421.9,6.5c22.6-2.5,51.5,0.4,75.5,5.3c23.6,4.9,70.9,23.5,100.5,35.7c75.8,32.2,133.7,44.5,192.6,49.7\n\tc23.6,2.1,48.7,3.5,103.4-2.5c54.7-6,106.2-25.6,106.2-25.6V0H0v30.3c0,0,72,32.6,158.4,30.5c39.2-0.7,92.8-6.7,134-22.4\n\tc21.2-8.1,52.2-18.2,79.7-24.2C399.3,7.9,411.6,7.5,421.9,6.5z\"\/>\n<\/svg>\t\t<\/div>\n\t\t<div class=\"elementor-element elementor-element-2aac1e53 e-flex e-con-boxed e-con e-child\" data-id=\"2aac1e53\" data-element_type=\"container\">\n\t\t\t\t\t<div class=\"e-con-inner\">\n\t\t\t\t<div class=\"elementor-element elementor-element-62db7b40 elementor-widget elementor-widget-elementskit-blog-posts\" data-id=\"62db7b40\" data-element_type=\"widget\" data-widget_type=\"elementskit-blog-posts.default\">\n\t\t\t\t<div class=\"elementor-widget-container\">\n\t\t\t\t\t<div class=\"ekit-wid-con\" >        <div id=\"post-items--62db7b40\" class=\"row post-items\">\n                    <div class=\"col-lg-4 col-md-6\">\n\n                                    <div class=\"elementskit-post-image-card\">\n                        <div class=\"elementskit-entry-header\">\n                                                            <a href=\"https:\/\/sharkcleaningservices.com\/index.php\/2024\/03\/25\/servicos-profissionais-de-limpeza-de-janelas-5\/\" class=\"elementskit-entry-thumb\">\n                                    <img decoding=\"async\" src=\"https:\/\/sharkcleaningservices.com\/wp-content\/uploads\/2024\/03\/image-4.png\" alt=\"Servi\u00e7os Profissionais de Limpeza de Janelas\">\n                                <\/a><!-- .elementskit-entry-thumb END -->\n                                                                                                    <div class=\"elementskit-meta-lists elementskit-style-tag\">\n                                        <div class=\"elementskit-single-meta triangle_left\"><span class=\"elementskit-meta-wraper\"><strong>25<\/strong>Mar<\/span><\/div>\n                                    <\/div>\n                                                                                            \n                            \n\t\t\t\t\t\t\t\t\t\t\t\t\t<\/div><!-- .elementskit-entry-header END -->\n\n\t\t\t\t\t\t<div class=\"elementskit-post-body \">\n\t\t\t\t\t\t\t\n\t\t\t\t\t\t\t\t\t\t\t\t\t\t\t\t\t\t\t\t\t\t\t\t\t\n\t\t\t\t\t\t\t\t\n\t\t\t\t\t\t\t\t\t\t\t\t\t\t\t\t\t\t\t\t\t<h2 class=\"entry-title\">\n\t\t\t\t\t<a href=\"https:\/\/sharkcleaningservices.com\/index.php\/2024\/03\/25\/servicos-profissionais-de-limpeza-de-janelas-5\/\">\n\t\t\t\t\t\tServi\u00e7os Profissionais de Limpeza de Janelas\t\t\t\t\t<\/a>\n\t\t\t\t<\/h2>\n\t\t\t\t\t\t\t\t\t\t\t\t\t\t\t\t\t\t\t\t\t\t\t\t\t\t\t\t\t\t\t\t\t\t\t\t\t\t\t\t\t\t<p>O que fazemos&hellip;<\/p>\n\t\t\t\t\t\t\t\t\t\t\t\t\t\t\t\t\t\t\t\t\t\t                                                            <div class=\"btn-wraper\">\n                                                                            <a class=\"elementskit-btn whitespace--normal\" id=\"\" href=\"https:\/\/sharkcleaningservices.com\/index.php\/2024\/03\/25\/servicos-profissionais-de-limpeza-de-janelas-5\/\">\n                                            Read More                                            <svg xmlns=\"http:\/\/www.w3.org\/2000\/svg\" width=\"24\" height=\"15\" viewBox=\"0 0 24 15\" fill=\"none\"><path d=\"M16.3757 0.849609L23.0259 7.49976L16.3757 14.1499\" fill=\"#4AACAC\"><\/path><path d=\"M16.3757 0.849609L23.0259 7.49976L16.3757 14.1499\" stroke=\"#6BC8C8\" stroke-width=\"1.5\" stroke-linecap=\"round\" stroke-linejoin=\"round\"><\/path><path d=\"M21.7573 7.76855L0.999994 7.76856L21.7573 7.76855Z\" fill=\"#4AACAC\"><\/path><path d=\"M21.7573 7.76855L0.999993 7.76856\" stroke=\"#6BC8C8\" stroke-width=\"1.5\" stroke-linecap=\"round\" stroke-linejoin=\"round\"><\/path><\/svg>                                        <\/a>\n                                    \n                                                                    <\/div>\n                                                    <\/div><!-- .elementskit-post-body END -->\n                    <\/div>\n                \n            <\/div>\n                    <div class=\"col-lg-4 col-md-6\">\n\n                                    <div class=\"elementskit-post-image-card\">\n                        <div class=\"elementskit-entry-header\">\n                                                            <a href=\"https:\/\/sharkcleaningservices.com\/index.php\/2024\/03\/25\/os-beneficios-de-contratar-um-servico-profissional-de-limpeza-de-janelas\/\" class=\"elementskit-entry-thumb\">\n                                    <img decoding=\"async\" src=\"https:\/\/sharkcleaningservices.com\/wp-content\/uploads\/2024\/03\/image-4-1.png\" alt=\"Os benef\u00edcios de contratar um servi\u00e7o profissional de limpeza de janelas\">\n                                <\/a><!-- .elementskit-entry-thumb END -->\n                                                                                                    <div class=\"elementskit-meta-lists elementskit-style-tag\">\n                                        <div class=\"elementskit-single-meta triangle_left\"><span class=\"elementskit-meta-wraper\"><strong>25<\/strong>Mar<\/span><\/div>\n                                    <\/div>\n                                                                                            \n                            \n\t\t\t\t\t\t\t\t\t\t\t\t\t<\/div><!-- .elementskit-entry-header END -->\n\n\t\t\t\t\t\t<div class=\"elementskit-post-body \">\n\t\t\t\t\t\t\t\n\t\t\t\t\t\t\t\t\t\t\t\t\t\t\t\t\t\t\t\t\t\t\t\t\t\n\t\t\t\t\t\t\t\t\n\t\t\t\t\t\t\t\t\t\t\t\t\t\t\t\t\t\t\t\t\t<h2 class=\"entry-title\">\n\t\t\t\t\t<a href=\"https:\/\/sharkcleaningservices.com\/index.php\/2024\/03\/25\/os-beneficios-de-contratar-um-servico-profissional-de-limpeza-de-janelas\/\">\n\t\t\t\t\t\tOs benef\u00edcios de contratar um servi\u00e7o&hellip;\t\t\t\t\t<\/a>\n\t\t\t\t<\/h2>\n\t\t\t\t\t\t\t\t\t\t\t\t\t\t\t\t\t\t\t\t\t\t\t\t\t\t\t\t\t\t\t\t\t\t\t\t\t\t\t\t\t\t<p>Por que contratar&hellip;<\/p>\n\t\t\t\t\t\t\t\t\t\t\t\t\t\t\t\t\t\t\t\t\t\t                                                            <div class=\"btn-wraper\">\n                                                                            <a class=\"elementskit-btn whitespace--normal\" id=\"\" href=\"https:\/\/sharkcleaningservices.com\/index.php\/2024\/03\/25\/os-beneficios-de-contratar-um-servico-profissional-de-limpeza-de-janelas\/\">\n                                            Read More                                            <svg xmlns=\"http:\/\/www.w3.org\/2000\/svg\" width=\"24\" height=\"15\" viewBox=\"0 0 24 15\" fill=\"none\"><path d=\"M16.3757 0.849609L23.0259 7.49976L16.3757 14.1499\" fill=\"#4AACAC\"><\/path><path d=\"M16.3757 0.849609L23.0259 7.49976L16.3757 14.1499\" stroke=\"#6BC8C8\" stroke-width=\"1.5\" stroke-linecap=\"round\" stroke-linejoin=\"round\"><\/path><path d=\"M21.7573 7.76855L0.999994 7.76856L21.7573 7.76855Z\" fill=\"#4AACAC\"><\/path><path d=\"M21.7573 7.76855L0.999993 7.76856\" stroke=\"#6BC8C8\" stroke-width=\"1.5\" stroke-linecap=\"round\" stroke-linejoin=\"round\"><\/path><\/svg>                                        <\/a>\n                                    \n                                                                    <\/div>\n                                                    <\/div><!-- .elementskit-post-body END -->\n                    <\/div>\n                \n            <\/div>\n                    <div class=\"col-lg-4 col-md-6\">\n\n                                    <div class=\"elementskit-post-image-card\">\n                        <div class=\"elementskit-entry-header\">\n                                                            <a href=\"https:\/\/sharkcleaningservices.com\/index.php\/2024\/03\/25\/servicos-profissionais-de-limpeza-de-janelas-4\/\" class=\"elementskit-entry-thumb\">\n                                    <img decoding=\"async\" src=\"https:\/\/sharkcleaningservices.com\/wp-content\/uploads\/2024\/03\/image-4-2.png\" alt=\"Servi\u00e7os Profissionais de Limpeza de Janelas\">\n                                <\/a><!-- .elementskit-entry-thumb END -->\n                                                                                                    <div class=\"elementskit-meta-lists elementskit-style-tag\">\n                                        <div class=\"elementskit-single-meta triangle_left\"><span class=\"elementskit-meta-wraper\"><strong>25<\/strong>Mar<\/span><\/div>\n                                    <\/div>\n                                                                                            \n                            \n\t\t\t\t\t\t\t\t\t\t\t\t\t<\/div><!-- .elementskit-entry-header END -->\n\n\t\t\t\t\t\t<div class=\"elementskit-post-body \">\n\t\t\t\t\t\t\t\n\t\t\t\t\t\t\t\t\t\t\t\t\t\t\t\t\t\t\t\t\t\t\t\t\t\n\t\t\t\t\t\t\t\t\n\t\t\t\t\t\t\t\t\t\t\t\t\t\t\t\t\t\t\t\t\t<h2 class=\"entry-title\">\n\t\t\t\t\t<a href=\"https:\/\/sharkcleaningservices.com\/index.php\/2024\/03\/25\/servicos-profissionais-de-limpeza-de-janelas-4\/\">\n\t\t\t\t\t\tServi\u00e7os Profissionais de Limpeza de Janelas\t\t\t\t\t<\/a>\n\t\t\t\t<\/h2>\n\t\t\t\t\t\t\t\t\t\t\t\t\t\t\t\t\t\t\t\t\t\t\t\t\t\t\t\t\t\t\t\t\t\t\t\t\t\t\t\t\t\t<p>Servi\u00e7os de Limpeza&hellip;<\/p>\n\t\t\t\t\t\t\t\t\t\t\t\t\t\t\t\t\t\t\t\t\t\t                                                            <div class=\"btn-wraper\">\n                                                                            <a class=\"elementskit-btn whitespace--normal\" id=\"\" href=\"https:\/\/sharkcleaningservices.com\/index.php\/2024\/03\/25\/servicos-profissionais-de-limpeza-de-janelas-4\/\">\n                                            Read More                                            <svg xmlns=\"http:\/\/www.w3.org\/2000\/svg\" width=\"24\" height=\"15\" viewBox=\"0 0 24 15\" fill=\"none\"><path d=\"M16.3757 0.849609L23.0259 7.49976L16.3757 14.1499\" fill=\"#4AACAC\"><\/path><path d=\"M16.3757 0.849609L23.0259 7.49976L16.3757 14.1499\" stroke=\"#6BC8C8\" stroke-width=\"1.5\" stroke-linecap=\"round\" stroke-linejoin=\"round\"><\/path><path d=\"M21.7573 7.76855L0.999994 7.76856L21.7573 7.76855Z\" fill=\"#4AACAC\"><\/path><path d=\"M21.7573 7.76855L0.999993 7.76856\" stroke=\"#6BC8C8\" stroke-width=\"1.5\" stroke-linecap=\"round\" stroke-linejoin=\"round\"><\/path><\/svg>                                        <\/a>\n                                    \n                                                                    <\/div>\n                                                    <\/div><!-- .elementskit-post-body END -->\n                    <\/div>\n                \n            <\/div>\n                    <div class=\"col-lg-4 col-md-6\">\n\n                                    <div class=\"elementskit-post-image-card\">\n                        <div class=\"elementskit-entry-header\">\n                                                            <a href=\"https:\/\/sharkcleaningservices.com\/index.php\/2024\/03\/25\/servicos-profissionais-de-limpeza-de-janelas-3\/\" class=\"elementskit-entry-thumb\">\n                                    <img decoding=\"async\" src=\"https:\/\/sharkcleaningservices.com\/wp-content\/uploads\/2024\/03\/image-4.png\" alt=\"Servi\u00e7os Profissionais de Limpeza de Janelas\">\n                                <\/a><!-- .elementskit-entry-thumb END -->\n                                                                                                    <div class=\"elementskit-meta-lists elementskit-style-tag\">\n                                        <div class=\"elementskit-single-meta triangle_left\"><span class=\"elementskit-meta-wraper\"><strong>25<\/strong>Mar<\/span><\/div>\n                                    <\/div>\n                                                                                            \n                            \n\t\t\t\t\t\t\t\t\t\t\t\t\t<\/div><!-- .elementskit-entry-header END -->\n\n\t\t\t\t\t\t<div class=\"elementskit-post-body \">\n\t\t\t\t\t\t\t\n\t\t\t\t\t\t\t\t\t\t\t\t\t\t\t\t\t\t\t\t\t\t\t\t\t\n\t\t\t\t\t\t\t\t\n\t\t\t\t\t\t\t\t\t\t\t\t\t\t\t\t\t\t\t\t\t<h2 class=\"entry-title\">\n\t\t\t\t\t<a href=\"https:\/\/sharkcleaningservices.com\/index.php\/2024\/03\/25\/servicos-profissionais-de-limpeza-de-janelas-3\/\">\n\t\t\t\t\t\tServi\u00e7os Profissionais de Limpeza de Janelas\t\t\t\t\t<\/a>\n\t\t\t\t<\/h2>\n\t\t\t\t\t\t\t\t\t\t\t\t\t\t\t\t\t\t\t\t\t\t\t\t\t\t\t\t\t\t\t\t\t\t\t\t\t\t\t\t\t\t<p>Servi\u00e7os Profissionais de&hellip;<\/p>\n\t\t\t\t\t\t\t\t\t\t\t\t\t\t\t\t\t\t\t\t\t\t                                                            <div class=\"btn-wraper\">\n                                                                            <a class=\"elementskit-btn whitespace--normal\" id=\"\" href=\"https:\/\/sharkcleaningservices.com\/index.php\/2024\/03\/25\/servicos-profissionais-de-limpeza-de-janelas-3\/\">\n                                            Read More                                            <svg xmlns=\"http:\/\/www.w3.org\/2000\/svg\" width=\"24\" height=\"15\" viewBox=\"0 0 24 15\" fill=\"none\"><path d=\"M16.3757 0.849609L23.0259 7.49976L16.3757 14.1499\" fill=\"#4AACAC\"><\/path><path d=\"M16.3757 0.849609L23.0259 7.49976L16.3757 14.1499\" stroke=\"#6BC8C8\" stroke-width=\"1.5\" stroke-linecap=\"round\" stroke-linejoin=\"round\"><\/path><path d=\"M21.7573 7.76855L0.999994 7.76856L21.7573 7.76855Z\" fill=\"#4AACAC\"><\/path><path d=\"M21.7573 7.76855L0.999993 7.76856\" stroke=\"#6BC8C8\" stroke-width=\"1.5\" stroke-linecap=\"round\" stroke-linejoin=\"round\"><\/path><\/svg>                                        <\/a>\n                                    \n                                                                    <\/div>\n                                                    <\/div><!-- .elementskit-post-body END -->\n                    <\/div>\n                \n            <\/div>\n                    <div class=\"col-lg-4 col-md-6\">\n\n                                    <div class=\"elementskit-post-image-card\">\n                        <div class=\"elementskit-entry-header\">\n                                                            <a href=\"https:\/\/sharkcleaningservices.com\/index.php\/2024\/03\/25\/servicos-profissionais-de-limpeza-de-janelas-2\/\" class=\"elementskit-entry-thumb\">\n                                    <img decoding=\"async\" src=\"https:\/\/sharkcleaningservices.com\/wp-content\/uploads\/2024\/03\/image-4-1.png\" alt=\"Servi\u00e7os Profissionais de Limpeza de Janelas\">\n                                <\/a><!-- .elementskit-entry-thumb END -->\n                                                                                                    <div class=\"elementskit-meta-lists elementskit-style-tag\">\n                                        <div class=\"elementskit-single-meta triangle_left\"><span class=\"elementskit-meta-wraper\"><strong>25<\/strong>Mar<\/span><\/div>\n                                    <\/div>\n                                                                                            \n                            \n\t\t\t\t\t\t\t\t\t\t\t\t\t<\/div><!-- .elementskit-entry-header END -->\n\n\t\t\t\t\t\t<div class=\"elementskit-post-body \">\n\t\t\t\t\t\t\t\n\t\t\t\t\t\t\t\t\t\t\t\t\t\t\t\t\t\t\t\t\t\t\t\t\t\n\t\t\t\t\t\t\t\t\n\t\t\t\t\t\t\t\t\t\t\t\t\t\t\t\t\t\t\t\t\t<h2 class=\"entry-title\">\n\t\t\t\t\t<a href=\"https:\/\/sharkcleaningservices.com\/index.php\/2024\/03\/25\/servicos-profissionais-de-limpeza-de-janelas-2\/\">\n\t\t\t\t\t\tServi\u00e7os Profissionais de Limpeza de Janelas\t\t\t\t\t<\/a>\n\t\t\t\t<\/h2>\n\t\t\t\t\t\t\t\t\t\t\t\t\t\t\t\t\t\t\t\t\t\t\t\t\t\t\t\t\t\t\t\t\t\t\t\t\t\t\t\t\t\t<p>Conhe\u00e7a os nossos&hellip;<\/p>\n\t\t\t\t\t\t\t\t\t\t\t\t\t\t\t\t\t\t\t\t\t\t                                                            <div class=\"btn-wraper\">\n                                                                            <a class=\"elementskit-btn whitespace--normal\" id=\"\" href=\"https:\/\/sharkcleaningservices.com\/index.php\/2024\/03\/25\/servicos-profissionais-de-limpeza-de-janelas-2\/\">\n                                            Read More                                            <svg xmlns=\"http:\/\/www.w3.org\/2000\/svg\" width=\"24\" height=\"15\" viewBox=\"0 0 24 15\" fill=\"none\"><path d=\"M16.3757 0.849609L23.0259 7.49976L16.3757 14.1499\" fill=\"#4AACAC\"><\/path><path d=\"M16.3757 0.849609L23.0259 7.49976L16.3757 14.1499\" stroke=\"#6BC8C8\" stroke-width=\"1.5\" stroke-linecap=\"round\" stroke-linejoin=\"round\"><\/path><path d=\"M21.7573 7.76855L0.999994 7.76856L21.7573 7.76855Z\" fill=\"#4AACAC\"><\/path><path d=\"M21.7573 7.76855L0.999993 7.76856\" stroke=\"#6BC8C8\" stroke-width=\"1.5\" stroke-linecap=\"round\" stroke-linejoin=\"round\"><\/path><\/svg>                                        <\/a>\n                                    \n                                                                    <\/div>\n                                                    <\/div><!-- .elementskit-post-body END -->\n                    <\/div>\n                \n            <\/div>\n                    <div class=\"col-lg-4 col-md-6\">\n\n                                    <div class=\"elementskit-post-image-card\">\n                        <div class=\"elementskit-entry-header\">\n                                                            <a href=\"https:\/\/sharkcleaningservices.com\/index.php\/2024\/03\/25\/servicos-profissionais-de-limpeza-de-janelas\/\" class=\"elementskit-entry-thumb\">\n                                    <img decoding=\"async\" src=\"https:\/\/sharkcleaningservices.com\/wp-content\/uploads\/2024\/03\/image-4-2.png\" alt=\"Servi\u00e7os Profissionais de Limpeza de Janelas\">\n                                <\/a><!-- .elementskit-entry-thumb END -->\n                                                                                                    <div class=\"elementskit-meta-lists elementskit-style-tag\">\n                                        <div class=\"elementskit-single-meta triangle_left\"><span class=\"elementskit-meta-wraper\"><strong>25<\/strong>Mar<\/span><\/div>\n                                    <\/div>\n                                                                                            \n                            \n\t\t\t\t\t\t\t\t\t\t\t\t\t<\/div><!-- .elementskit-entry-header END -->\n\n\t\t\t\t\t\t<div class=\"elementskit-post-body \">\n\t\t\t\t\t\t\t\n\t\t\t\t\t\t\t\t\t\t\t\t\t\t\t\t\t\t\t\t\t\t\t\t\t\n\t\t\t\t\t\t\t\t\n\t\t\t\t\t\t\t\t\t\t\t\t\t\t\t\t\t\t\t\t\t<h2 class=\"entry-title\">\n\t\t\t\t\t<a href=\"https:\/\/sharkcleaningservices.com\/index.php\/2024\/03\/25\/servicos-profissionais-de-limpeza-de-janelas\/\">\n\t\t\t\t\t\tServi\u00e7os Profissionais de Limpeza de Janelas\t\t\t\t\t<\/a>\n\t\t\t\t<\/h2>\n\t\t\t\t\t\t\t\t\t\t\t\t\t\t\t\t\t\t\t\t\t\t\t\t\t\t\t\t\t\t\t\t\t\t\t\t\t\t\t\t\t\t<p>Conhe\u00e7a nossos servi\u00e7os&hellip;<\/p>\n\t\t\t\t\t\t\t\t\t\t\t\t\t\t\t\t\t\t\t\t\t\t                                                            <div class=\"btn-wraper\">\n                                                                            <a class=\"elementskit-btn whitespace--normal\" id=\"\" href=\"https:\/\/sharkcleaningservices.com\/index.php\/2024\/03\/25\/servicos-profissionais-de-limpeza-de-janelas\/\">\n                                            Read More                                            <svg xmlns=\"http:\/\/www.w3.org\/2000\/svg\" width=\"24\" height=\"15\" viewBox=\"0 0 24 15\" fill=\"none\"><path d=\"M16.3757 0.849609L23.0259 7.49976L16.3757 14.1499\" fill=\"#4AACAC\"><\/path><path d=\"M16.3757 0.849609L23.0259 7.49976L16.3757 14.1499\" stroke=\"#6BC8C8\" stroke-width=\"1.5\" stroke-linecap=\"round\" stroke-linejoin=\"round\"><\/path><path d=\"M21.7573 7.76855L0.999994 7.76856L21.7573 7.76855Z\" fill=\"#4AACAC\"><\/path><path d=\"M21.7573 7.76855L0.999993 7.76856\" stroke=\"#6BC8C8\" stroke-width=\"1.5\" stroke-linecap=\"round\" stroke-linejoin=\"round\"><\/path><\/svg>                                        <\/a>\n                                    \n                                                                    <\/div>\n                                                    <\/div><!-- .elementskit-post-body END -->\n                    <\/div>\n                \n            <\/div>\n                <\/div>\n       <\/div>\t\t\t\t<\/div>\n\t\t\t\t<\/div>\n\t\t\t\t\t<\/div>\n\t\t\t\t<\/div>\n\t\t\t\t<\/div>\n\t\t\t\t<\/div>\n\t\t\t\t<\/div>\n\t\t\t\t<\/div>\n\t\t","protected":false},"excerpt":{"rendered":"<p>03Apr post de teste Lorem ipsum dolor&hellip; Read More 03Apr Benef\u00edcios de contratar um servi\u00e7o de&hellip; Benef\u00edcios de contratar&hellip; Read More 25Mar Servi\u00e7os Profissionais de Limpeza de Janelas O que fazemos&hellip; Read More 25Mar Os benef\u00edcios de contratar um servi\u00e7o&hellip; Por que contratar&hellip; Read More 25Mar Servi\u00e7os Profissionais de Limpeza de Janelas Servi\u00e7os de Limpeza&hellip;&hellip;&nbsp;<a href=\"https:\/\/sharkcleaningservices.com\/index.php\/2024\/03\/25\/servicos-profissionais-de-limpeza-de-janelas\/\" class=\"\" rel=\"bookmark\">Read More &raquo;<span class=\"screen-reader-text\">Servi\u00e7os Profissionais de Limpeza de Janelas<\/span><\/a><\/p>\n","protected":false},"author":1,"featured_media":0,"parent":0,"menu_order":0,"comment_status":"closed","ping_status":"closed","template":"elementor_header_footer","meta":{"_monsterinsights_skip_tracking":false,"_monsterinsights_sitenote_active":false,"_monsterinsights_sitenote_note":"","_monsterinsights_sitenote_category":0,"neve_meta_sidebar":"","neve_meta_container":"","neve_meta_enable_content_width":"","neve_meta_content_width":0,"neve_meta_title_alignment":"","neve_meta_author_avatar":"","neve_post_elements_order":"","neve_meta_disable_header":"","neve_meta_disable_footer":"","neve_meta_disable_title":"","footnotes":""},"aioseo_notices":[],"_links":{"self":[{"href":"https:\/\/sharkcleaningservices.com\/index.php\/wp-json\/wp\/v2\/pages\/633"}],"collection":[{"href":"https:\/\/sharkcleaningservices.com\/index.php\/wp-json\/wp\/v2\/pages"}],"about":[{"href":"https:\/\/sharkcleaningservices.com\/index.php\/wp-json\/wp\/v2\/types\/page"}],"author":[{"embeddable":true,"href":"https:\/\/sharkcleaningservices.com\/index.php\/wp-json\/wp\/v2\/users\/1"}],"replies":[{"embeddable":true,"href":"https:\/\/sharkcleaningservices.com\/index.php\/wp-json\/wp\/v2\/comments?post=633"}],"version-history":[{"count":26,"href":"https:\/\/sharkcleaningservices.com\/index.php\/wp-json\/wp\/v2\/pages\/633\/revisions"}],"predecessor-version":[{"id":781,"href":"https:\/\/sharkcleaningservices.com\/index.php\/wp-json\/wp\/v2\/pages\/633\/revisions\/781"}],"wp:attachment":[{"href":"https:\/\/sharkcleaningservices.com\/index.php\/wp-json\/wp\/v2\/media?parent=633"}],"curies":[{"name":"wp","href":"https:\/\/api.w.org\/{rel}","templated":true}]}}